et k(g) = 3*g - 3. Let s be k(3). Suppose s*x - 2*x + 56 = 0. What are the prime factors of 10 + 0 + x/(-7)?
2, 3
Suppose -3*z = 4*s - 50, 2*z + 5*s = 32 + 13. Let t = 0 - z. List the prime factors of t/((1 - 0)*-1).
2, 5
Suppose -1 - 4 = -n, 3*i - 153 = 3*n. Suppose -5*l + 52 = -3*p, -3*l - 2*l - p + i = 0. List the prime factors of l.
11
Let g(b) = -b**3 - 9*b**2 - 2*b + 8. List the prime factors of g(-9).
2, 13
Let l be 14/4*(0 - -2). Suppose 4*y - 27 = -l. Suppose 0 = -y*u - 8 + 48. List the prime factors of u.
2
Suppose 0 = -3*v - m + 3*m + 2, -v - 2*m + 14 = 0. Let f = v + -4. Suppose f = -3*h - 2*h + 35. List the prime factors of h.
7
Suppose -i + 5*u = 1 + 2, 4*i + 5*u + 37 = 0. Let y be (-4 - -3)/(2/(-26)). Let d = i + y. List the prime factors of d.
5
Suppose 775 - 171 = 4*g. What are the prime factors of g?
151
Suppose -3*d = 5*b - 330, 0*d + 4*d = -3*b + 198. List the prime factors of b.
2, 3, 11
Suppose 0 = 5*s + 108 - 443. List the prime factors of s.
67
Let f be (-2 + -1 - 48)*-1. Let z = f - 27. What are the prime factors of z?
2, 3
Let y be ((-4)/10)/((-3)/(-180)). Let f(q) = -q**2 + q - 1. Let b be f(4). Let z = b - y. What are the prime factors of z?
11
What are the prime factors of 3/12 + 1746/24?
73
Let d(a) = a + 1. Let z(b) = -2*b + 3. Let u(j) = -3*d(j) + z(j). Let y be u(-1). Suppose -y*t + 8 = -2. What are the prime factors of t?
2
Suppose 0 = -2*b + 23 + 11. List the prime factors of b.
17
Let t(z) = -8*z + 8*z**2 + 1 + 2*z**3 + 3*z - 3*z**3. Suppose 13 + 22 = 5*g. List the prime factors of t(g).
3, 5
Let w(d) = -d**3 - 8*d**2 + 8*d. Suppose -97 = -4*i - r, 2*r = 2*i + 4*r - 50. Suppose -5*x - i - 21 = 0. What are the prime factors of w(x)?
3
Suppose 4*i - 48 = m, 4*m + 24 = 5*i - 25. What are the prime factors of 3 - i*(0 + -1)?
2
List the prime factors of 20/(0 - (-1)/(-4)*-2).
2, 5
List the prime factors of (-2)/(8/(-122))*(23 + -13).
5, 61
Let n = 26 - -12. Let p = n - 16. List the prime factors of p.
2, 11
Suppose -5*x = -3*l - 10 - 16, 2*x + 3*l - 2 = 0. Suppose 11 = x*b - 1. Suppose 4*a = -2*i + 5 + 1, 2*i + 5*a - b = 0. List the prime factors of i.
3
Let h be -7 + 3/(6/2). Let j be (-48)/(3*3/h). Suppose -r = 3*t - j, 19 = 2*t + r + 2*r. List the prime factors of t.
11
Suppose 1 = -j + 3. Suppose v + 8 = j*v. What are the prime factors of v?
2
Suppose 4 + 0 = 2*b. Suppose -5*f - 6 = -4*x, -b*f - 3*x = -4*x. List the prime factors of f.
2
Suppose 3 + 0 = 4*k - i, 2*i = k + 8. Let c(j) = 2*j**2 - 2*j - 7. Let x be c(4). Suppose -5 - x = -k*b. What are the prime factors of b?
11
Let j(m) = 3*m**2 + 4*m + 5. Let p be j(-4). Suppose 4*d = -5*i - 95, -4*i = -2*i + 5*d + 21. Let v = i + p. List the prime factors of v.
2, 7
Let p(t) = t. Let g be p(4). What are the prime factors of (-3 + 1)*(-14)/g?
7
Suppose 23 = 3*r - 40. Suppose 2*o - x - r = -2*x, 5*o - x = 49. List the prime factors of o.
2, 5
Let n(j) be the first derivative of j**3/3 - 4*j**2 + j + 1. Let r be n(7). Let t = r + 12. What are the prime factors of t?
2, 3
Suppose -24*p = -28*p + 376. List the prime factors of p.
2, 47
Let w be 5*((-33)/5 + 3). Let j = 29 + w. List the prime factors of j.
11
Suppose 8*u - 102 = 122. List the prime factors of u.
2, 7
Let v(d) = -d**3 - 14*d**2 + 16*d + 19. Let x be v(-15). Suppose -k + 4*b + 14 = k, 5*b = -x*k + 41. What are the prime factors of k?
3
Let m(g) be the second derivative of -g**4/12 + 4*g**3/3 - 3*g**2 - 6*g. Let b(v) = 3*v - 6. Let a be b(4). List the prime factors of m(a).
2, 3
Let f(o) = -o**3 + 4*o**2 - 4*o + 2. Let q be f(2). Let p = q - 3. List the prime factors of 2 - 0*(-2 - p).
2
Let g(y) = 4*y - 2. Let w be g(5). Suppose 86 - w = 4*v. List the prime factors of v.
17
Suppose -1 = -5*b - 2*q + 39, -b + 5*q + 8 = 0. List the prime factors of b.
2
Let r(y) = 6*y**2 + 4*y + 2. List the prime factors of r(4).
2, 3, 19
What are the prime factors of -3 - (-49 - -1)*1?
3, 5
Let a be (3 - 1) + (-8 - 5). Let w(k) be the first derivative of k**4/4 + 10*k**3/3 - 6*k**2 + 10*k + 1. What are the prime factors of w(a)?
3, 7
Suppose -3*p - p - 3 = -3*d, 3*p + 16 = 5*d. Suppose -o - 20 = -p*o. Let q = 17 - o. What are the prime factors of q?
7
Let j(s) = 16*s**3 + 2*s**2 - 1. Suppose 5*f + 3*w + 4 = -10, 0 = 4*f + 4*w + 16. Let a be j(f). What are the prime factors of 2/5 + (-54)/a?
2
Suppose 63*z - 1404 = 59*z. List the prime factors of z.
3, 13
Let s(m) = -18*m**3 + m**2 + 4. Let w be s(-2). Let y = w - 100. What are the prime factors of y?
2, 13
Let l(m) be the second derivative of -m**3/6 - 9*m**2/2 - 6*m. Suppose -4*u = -2*p - 2*u - 24, 3*p - 4*u + 36 = 0. List the prime factors of l(p).
3
Suppose -4*s + 102 = 2*z, -s + 56 = s + 2*z. What are the prime factors of s?
23
Suppose 13 = 3*w - 23. Let v = w + -5. What are the prime factors of v?
7
Let m = 3 - 3. Suppose m = -3*o - 4*l + 14, -o = -l - 3*l - 10. What are the prime factors of o?
2, 3
Suppose -112 = 3*r - 5*r + 5*n, 5*r - 5*n - 250 = 0. What are the prime factors of r?
2, 23
Let d(m) = 2*m**2 - m. Let o be d(-1). Let u = -4 + o. Let f = 11 + u. What are the prime factors of f?
2, 5
Let l = 20 - 2. List the prime factors of l.
2, 3
Let q = -2 + 9. Let v = q - 4. List the prime factors of v.
3
Let r(i) = 2*i**2 - 2*i + 1. Let d = 2 + 0. List the prime factors of r(d).
5
Let w be ((-3)/(-6))/(4/(-8)). What are the prime factors of w - (4 + -3 - 26)?
2, 3
Let t = 16 + 8. Suppose 47 = 5*r + c - 4*c, -4*r + t = c. List the prime factors of r.
7
Let l be (1 - 4)*2/(-3). Let a = l + 1. Suppose -4*z + a = -5. What are the prime factors of z?
2
Let y(d) = 3*d + 0 - 2 + 0. List the prime factors of y(8).
2, 11
Suppose -4*w = 0, w - 5*w + 8 = r. Let q = r - 1. List the prime factors of q.
7
Let f = 5 - -10. What are the prime factors of f?
3, 5
Suppose 0 = -s + 3*k - 0*k - 9, 5*s - 2*k - 20 = 0. Let o = 13 - s. What are the prime factors of o?
7
Suppose -5*p = -0*p - 40. Let v = p - 5. Suppose 0 = l + 2*l - 5*x - 11, 0 = -v*l - 4*x + 2. List the prime factors of l.
2
Let f = -1 - -8. Let x(j) = -6*j**3 - j**2 + j + 1. Let y be x(-1). Let b = y + f. List the prime factors of b.
2, 3
Let s(b) = 4*b**2 - 23*b + 14. What are the prime factors of s(10)?
2, 23
Let k(q) = q**3 - 10*q**2 + 8*q + 12. Let o be k(9). Suppose -b + v + 4 - 3 = 0, o*b + 3*v - 15 = 0. List the prime factors of b.
3
Suppose 7*x + 3*i - 15 = 3*x, 0 = -2*x + 4*i + 2. List the prime factors of x.
3
Suppose -7 = 4*v + 1. Let q(k) = -2*k - 3. Let s(t) = t**2 - t - 1. Let y(a) = -q(a) + 2*s(a). What are the prime factors of y(v)?
3
Suppose 9 + 3 = 4*b. Suppose -f - 74 = -b*a, 3*a + 3*f = 2*f + 76. List the prime factors of a.
5
Let j(y) = -4*y + 8. Let u be (-7)/2*(1 - -1). List the prime factors of j(u).
2, 3
Let n(s) = -30*s - 2. What are the prime factors of n(-3)?
2, 11
Let c = -17 - -6. Suppose -2*i + 121 = -3*n - 205, 2*n + 2*i = -214. List the prime factors of n/c - (-4)/22.
2, 5
Suppose -2 = -z + 14. List the prime factors of z.
2
Suppose 0 = -2*m, 0 = 5*q - 7*m + 4*m - 25. Suppose 2*y = -3*g, 5 = -q*y + 4*g + 51. Suppose 0*f + f = y. List the prime factors of f.
2, 3
Suppose 0 = -0*y + 2*y - 2. Suppose 1 = h - y. Suppose -35 = -h*q - 9. What are the prime factors of q?
13
Suppose 3*m - j - 29 = 14, -m = 5*j + 7. Suppose 1 = -3*w + m. Let i = w - 2. What are the prime factors of i?
2
Suppose -5*p + 5*q = -145, 3*p - 5*q = -p + 119. Let n = p - 18. List the prime factors of n.
2
Suppose -5*z + c + 24 = 0, z + 4*c = 6*z - 21. Let f = -7 - -19. Suppose 0 = -3*r + f, 2*r - 97 = -z*d - r. List the prime factors of d.
17
Suppose 3*q = -2*q. Suppose -i + 4*i - 33 = q. List the prime factors of i.
11
Suppose -5*t + 133 + 93 = 3*d, 0 = 3*d + 3*t - 234. List the prime factors of 7/14 + d/4.
3, 7
Let q be (-2)/4 + (-117)/18. Let i(l) = -l + 9. What are the prime factors of i(q)?
2
Let a(v) = 7*v + 3. Let r be a(3). Let t be 20/6 - (-2)/3. Suppose 0 = -m + t*m - r. List the prime factors of m.
2
Suppose 2*s + 4*m = -6, -s - 2*m - 13 = 2*s. Let h(g) = g - 11. Let b be h(10). Let v = b - s. What are the prime factors of v?
2
Let n(f) be the first derivative of -47*f**2/2 - f + 4. What are the prime factors of n(-1)?
2, 23
Let l be (-2)/(3/(-2) - -1). Let w be 0/(-2) - -2*l. What are the prime factor